remainder when 171257 is divided by 4893.
2
Calculate the remainder when 207828 is divided by 34638.
0
What is the remainder when 1005996004 is divided by 9?
7
Calculate the remainder when 9738 is divided by 9351.
387
Calculate the remainder when 10284479 is divided by 5682.
59
Calculate the remainder when 479509068 is divided by 56.
52
Calculate the remainder when 1621006 is divided by 1838.
1728
What is the remainder when 2103584 is divided by 72537?
11
What is the remainder when 1721537 is divided by 3976?
3905
Calculate the remainder when 38175 is divided by 5389.
452
Calculate the remainder when 27041 is divided by 997.
122
Calculate the remainder when 123073 is divided by 8188.
253
Calculate the remainder when 358563 is divided by 35854.
23
What is the remainder when 1040932 is divided by 130115?
12
What is the remainder when 1680597 is divided by 120038?
65
What is the remainder when 177824 is divided by 245?
199
What is the remainder when 2470750 is divided by 617681?
26
What is the remainder when 138940 is divided by 32857?
7512
What is the remainder when 58734179 is divided by 26?
23
Calculate the remainder when 49222 is divided by 483.
439
Calculate the remainder when 3001201 is divided by 1000272.
385
Calculate the remainder when 12403266 is divided by 84.
78
Calculate the remainder when 532157 is divided by 177378.
23
What is the remainder when 460088 is divided by 126?
62
Calculate the remainder when 21950676 is divided by 5080.
5076
What is the remainder when 4821458 is divided by 89?
61
Calculate the remainder when 17348 is divided by 7940.
1468
Calculate the remainder when 54976 is divided by 13050.
2776
What is the remainder when 90782 is divided by 893?
589
What is the remainder when 5859031 is divided by 163?
159
Calculate the remainder when 1700861 is divided by 214.
203
What is the remainder when 915937 is divided by 2784?
1
What is the remainder when 23790032 is divided by 57?
56
Calculate the remainder when 41567920 is divided by 51.
13
Calculate the remainder when 4636981 is divided by 1276.
1273
Calculate the remainder when 4920096 is divided by 20.
16
What is the remainder when 2970961 is divided by 191?
147
What is the remainder when 638615 is divided by 5801?
505
What is the remainder when 12395 is divided by 3687?
1334
What is the remainder when 616482 is divided by 3296?
130
Calculate the remainder when 15915422 is divided by 691971.
89
What is the remainder when 397376 is divided by 45?
26
What is the remainder when 119208 is divided by 1496?
1024
What is the remainder when 1437674 is divided by 55?
29
What is the remainder when 16617630 is divided by 459?
453
Calculate the remainder when 11485538 is divided by 311.
308
Calculate the remainder when 1549992 is divided by 516651.
39
What is the remainder when 1612272 is divided by 348?
336
Calculate the remainder when 1468201 is divided by 776.
9
What is the remainder when 151348 is divided by 6643?
5202
What is the remainder when 66122 is divided by 1014?
212
Calculate the remainder when 1489148 is divided by 21.
17
Calculate the remainder when 46281 is divided by 139.
133
What is the remainder when 1799099 is divided by 257011?
22
What is the remainder when 2591429 is divided by 11942?
15
Calculate the remainder when 91326 is divided by 30315.
381
Calculate the remainder when 9146436 is divided by 3644.
3640
Calculate the remainder when 180102 is divided by 25519.
1469
What is the remainder when 8512785 is divided by 34?
1
Calculate the remainder when 577719 is divided by 192549.
72
Calculate the remainder when 214225 is divided by 107061.
103
Calculate the remainder when 18369247 is divided by 250.
247
Calculate the remainder when 695505246 is divided by 231835082.
0
Calculate the remainder when 16550410 is divided by 1574.
1374
What is the remainder when 134172 is divided by 19145?
157
Calculate the remainder when 181912 is divided by 2742.
940
What is the remainder when 2816557 is divided by 24?
13
What is the remainder when 11412674 is divided by 26236?
14
Calculate the remainder when 120008 is divided by 119003.
1005
What is the remainder when 148391 is divided by 958?
859
Calculate the remainder when 137657 is divided by 5971.
324
What is the remainder when 7653762 is divided by 431?
64
Calculate the remainder when 1641509 is divided by 980.
9
Calculate the remainder when 48078221 is divided by 4782.
4775
Calculate the remainder when 441745 is divided by 72056.
9409
Calculate the remainder when 1389020 is divided by 18768.
188
Calculate the remainder when 9935605 is divided by 662364.
145
Calculate the remainder when 2483723 is divided by 69.
68
Calculate the remainder when 531584 is divided by 446.
398
What is the remainder when 217668 is divided by 19771?
187
Calculate the remainder when 13957765 is divided by 1838.
1831
Calculate the remainder when 31036590 is divided by 1322.
1318
Calculate the remainder when 10142402 is divided by 1448888.
186
Calculate the remainder when 10120819 is divided by 653.
625
What is the remainder when 75273 is divided by 32419?
10435
What is the remainder when 1786328 is divided by 446576?
24
What is the remainder when 48174978 is divided by 90725?
3
Calculate the remainder when 65748 is divided by 84.
60
What is the remainder when 2441531 is divided by 1322?
1119
Calculate the remainder when 10051987 is divided by 3162.
3151
Calculate the remainder when 2798681 is divided by 559732.
21
What is the remainder when 675629 is divided by 3208?
1949
Calculate the remainder when 1018788 is divided by 72766.
64
Calculate the remainder when 4281568 is divided by 1263.
1261
Calculate the remainder when 568931 is divided by 85.
26
What is the remainder when 195044 is divided by 97487?
70
What is the remainder when 9058 is divided by 4054?
950
What is the remainder when 5472903 is divided by 12135?
18
Calculate the remainder when 1163541 is divided by 192.
21
What is the remainder when 441481 is divided by 338?
53
Calculate the remainder when 48035 is divided by 47371.
664
Calculate the remainder when 2386263 is divided by 6857.
27
What is the remainder when 1309825 is divided by 137?
105
Calculate the remainder when 622890 is divided by 1076.
962
What is the remainder when 633233 is divided by 369?
29
Calculate the remainder when 1580941 is divided by 14113.
285
Calculate the remainder when 77422 is divided by 9616.
494
What is the remainder when 90462 is divided by 3385?
2452
What is the remainder when 7532216 is divided by 602?
594
What is the remainder when 5198129 is divided by 6159?
6092
What is the remainder when 173406 is divided by 86355?
696
What is the remainder when 41991 is divided by 41716?
275
Calculate the remainder when 135226958 is divided by 129.
128
What is the remainder when 224355 is divided by 224306?
49
Calculate the remainder when 16943 is divided by 1349.
755
Calculate the remainder when 3803 is divided by 1128.
419
What is the remainder when 437787 is divided by 7495?
3077
Calculate the remainder when 4267553 is divided by 56.
17
Calculate the remainder when 6888414 is divided by 105.
99
Calculate the remainder when 58724 is divided by 54214.
4510
What is the remainder when 2701621 is divided by 4150?
4121
Calculate the remainder when 239023 is divided by 47070.
3673
What is the remainder when 204585 is divided by 204554?
31
Calculate the remainder when 17380 is divided by 4299.
184
Calculate the remainder when 531354 is divided by 75903.
33
Calculate the remainder when 58778479 is divided by 19592822.
13
Calculate the remainder when 17292060 is divided by 326265.
15
Calculate the remainder when 80058 is divided by 455.
433
Calculate the remainder when 166446 is divided by 80201.
6044
What is the remainder when 418802 is divided by 1190?
1112
Calculate the remainder when 486530 is divided by 675.
530
Calculate the remainder when 3399459 is divided by 13.
11
What is the remainder when 703515 is divided by 1644?
1527
What is the remainder when 284969512 is divided by 813?
4
What is the remainder when 755004 is divided by 818?
808
What is the remainder when 1732105 is divided by 131?
23
Calculate the remainder when 998016 is divided by 359.
355
Calculate the remainder when 122805 is divided by 2558.
21
Ca